{"id":8,"date":"2015-10-22T22:47:04","date_gmt":"2015-10-22T20:47:04","guid":{"rendered":"http:\/\/gamma.vflbokel.de\/?page_id=8"},"modified":"2018-08-02T17:31:03","modified_gmt":"2018-08-02T15:31:03","slug":"termine","status":"publish","type":"page","link":"https:\/\/www.vflbokel.de\/alg\/termine\/","title":{"rendered":"Termine"},"content":{"rendered":"<p>Liebe Besucher der ALG-Website,<\/p>\n<p>wir haben den Anspruch, so viele schleswig-holsteinische Volksl\u00e4ufe wie m\u00f6glich auf unseren Terminseiten aufzulisten \u2013<br \/>\njedenfalls mehr, als alle anderen Vereine und Verb\u00e4nde ihren Besuchern bieten k\u00f6nnen.<br \/>\nDeshalb sind wir immer offen f\u00fcr Anregungen und Hinweise von Veranstaltern oder kundigen Wettk\u00e4mpfern auf weitere kleine oder nur regional bekannte L\u00e4ufe, die wir dann gerne in unseren Kalender aufnehmen.<\/p>\n<p>Der Betreuer der Terminseiten Hendrik Lehmann ist \u00fcber folgende email-Adresse zu erreichen:<br \/>\n<a title=\"Hendriks Mailadresse\" href=\"mailto:hendriklehmann(at)online.de\"><b>hendriklehmann(at)online.de<\/b><\/a><\/p>\n<p>Dieses Ma\u00dfband  <img loading=\"lazy\" decoding=\"async\" width=\"69\" height=\"30\" class=\"alignnone size-full wp-image-334\" alt=\"vermessene Strecke\" src=\"\/alg\/wp-content\/uploads\/Massband.jpg\">\u00a0 \u00a0 das vor manchen Veranstaltungen auftaucht, weist darauf hin, dass mindestens eine der angegebenen Strecken amtlich vermessen und somit auch bestenlistenf\u00e4hig ist.<\/p>\n<p>Weiterhin viel Spa\u00df und Erfolg beim Laufen und vielleicht sieht man sich mal bei einer der auf diesen Seiten aufgef\u00fchrten Veranstaltungen.<\/p>\n","protected":false},"excerpt":{"rendered":"<p>Liebe Besucher der ALG-Website, wir haben den Anspruch, so viele schleswig-holsteinische Volksl\u00e4ufe wie m\u00f6glich auf unseren Terminseiten aufzulisten \u2013 jedenfalls mehr, als alle anderen Vereine und Verb\u00e4nde ihren Besuchern bieten k\u00f6nnen. Deshalb sind wir immer offen f\u00fcr Anregungen und Hinweise von Veranstaltern oder kundigen Wettk\u00e4mpfern auf weitere kleine oder nur regional bekannte L\u00e4ufe, die wir &hellip; <a href=\"https:\/\/www.vflbokel.de\/alg\/termine\/\" class=\"more-link\"><span class=\"screen-reader-text\">Termine<\/span> weiterlesen <span class=\"meta-nav\">&rarr;<\/span><\/a><\/p>\n","protected":false},"author":1,"featured_media":0,"parent":0,"menu_order":1,"comment_status":"closed","ping_status":"closed","template":"","meta":{"footnotes":""},"class_list":["post-8","page","type-page","status-publish","hentry"],"_links":{"self":[{"href":"https:\/\/www.vflbokel.de\/alg\/wp-json\/wp\/v2\/pages\/8","targetHints":{"allow":["GET"]}}],"collection":[{"href":"https:\/\/www.vflbokel.de\/alg\/wp-json\/wp\/v2\/pages"}],"about":[{"href":"https:\/\/www.vflbokel.de\/alg\/wp-json\/wp\/v2\/types\/page"}],"author":[{"embeddable":true,"href":"https:\/\/www.vflbokel.de\/alg\/wp-json\/wp\/v2\/users\/1"}],"replies":[{"embeddable":true,"href":"https:\/\/www.vflbokel.de\/alg\/wp-json\/wp\/v2\/comments?post=8"}],"version-history":[{"count":9,"href":"https:\/\/www.vflbokel.de\/alg\/wp-json\/wp\/v2\/pages\/8\/revisions"}],"predecessor-version":[{"id":3879,"href":"https:\/\/www.vflbokel.de\/alg\/wp-json\/wp\/v2\/pages\/8\/revisions\/3879"}],"wp:attachment":[{"href":"https:\/\/www.vflbokel.de\/alg\/wp-json\/wp\/v2\/media?parent=8"}],"curies":[{"name":"wp","href":"https:\/\/api.w.org\/{rel}","templated":true}]}}

<p>Liebe Besucher der ALG-Website,</p>
<p>wir haben den Anspruch, so viele schleswig-holsteinische Volksläufe wie möglich auf unseren Terminseiten aufzulisten –<br />
jedenfalls mehr, als alle anderen Vereine und Verbände ihren Besuchern bieten können.<br />
Deshalb sind wir immer offen für Anregungen und Hinweise von Veranstaltern oder kundigen Wettkämpfern auf weitere kleine oder nur regional bekannte Läufe, die wir dann gerne in unseren Kalender aufnehmen.</p>
<p>Der Betreuer der Terminseiten Hendrik Lehmann ist über folgende email-Adresse zu erreichen:<br />
<a title="Hendriks Mailadresse" href="mailto:hendriklehmann(at)online.de"><b>hendriklehmann(at)online.de</b></a></p>
<p>Dieses Maßband  <img loading="lazy" decoding="async" width="69" height="30" class="alignnone size-full wp-image-334" alt="vermessene Strecke" src="/alg/wp-content/uploads/Massband.jpg">    das vor manchen Veranstaltungen auftaucht, weist darauf hin, dass mindestens eine der angegebenen Strecken amtlich vermessen und somit auch bestenlistenfähig ist.</p>
<p>Weiterhin viel Spaß und Erfolg beim Laufen und vielleicht sieht man sich mal bei einer der auf diesen Seiten aufgeführten Veranstaltungen.</p>

<p>Liebe Besucher der ALG-Website, wir haben den Anspruch, so viele schleswig-holsteinische Volksläufe wie möglich auf unseren Terminseiten aufzulisten – jedenfalls mehr, als alle anderen Vereine und Verbände ihren Besuchern bieten können. Deshalb sind wir immer offen für Anregungen und Hinweise von Veranstaltern oder kundigen Wettkämpfern auf weitere kleine oder nur regional bekannte Läufe, die wir &hellip; <a href="https://www.vflbokel.de/alg/termine/" class="more-link"><span class="screen-reader-text">Termine</span> weiterlesen <span class="meta-nav">&rarr;</span></a></p>
