{"id":406,"date":"2016-01-23T18:05:33","date_gmt":"2016-01-23T17:05:33","guid":{"rendered":"http:\/\/gamma.vflbokel.de\/?page_id=406"},"modified":"2026-04-11T15:11:49","modified_gmt":"2026-04-11T13:11:49","slug":"juni","status":"publish","type":"page","link":"https:\/\/www.vflbokel.de\/alg\/termine\/juni\/","title":{"rendered":"Lauftermine Juni"},"content":{"rendered":"<h4>Ferien 2025\/2026 in Schleswig-Holstein<\/h4>\n<table style=\"width: 400px;\" border=\"1\" cellspacing=\"0\" align=\"center\">\n<tbody>\n<tr>\n<td style=\"padding: 2px;\">Weihnachten<\/td>\n<td style=\"padding: 2px;\">Ostern<\/td>\n<td style=\"padding: 2px;\">Sommer<\/td>\n<td style=\"padding: 2px;\">Herbst<\/td>\n<\/tr>\n<tr>\n<td style=\"padding: 2px;\">19.12.-06.01.<\/td>\n<td style=\"padding: 2px;\">26.03.-10.04.<\/td>\n<td style=\"padding: 2px;\">04.07.-15.08.<\/td>\n<td style=\"padding: 2px;\">12.10.-24.10.<\/td>\n<\/tr>\n<\/tbody>\n<\/table>\n<p><img loading=\"lazy\" decoding=\"async\" class=\"alignnone size-full wp-image-334\" src=\"\/alg\/wp-content\/uploads\/Massband.jpg\" alt=\"vermessene Strecke\" width=\"69\" height=\"30\" \/> = vermessene Strecke<br \/>\n<!--\n\n\n\n\n<tr class=\"\">\n\n\n<td>23.06.2013\n\n<b><font color=\"#FF0000\">aktualisiert<\/font<\/b><\/td>\n\n\n\n\n<td>HM + 5 km:\n09.00 Uhr\n10 km:\n09.15 Uhr<\/td>\n\n\n\n\n<td>9\/8\/6,- &euro;<\/td>\n\n\n\n\n<td> <img loading=\"lazy\" decoding=\"async\" src=\"..\/..\/res\/Massband.gif\" width=\"50\" height=\"23\" border=\"0\" align=\"right\" alt=\"amtlich vermessen\" \/>\n <a href=\"http:\/\/www.sus-waldenau.de\/index.php?page=alias-6\" target=\"blank\" rel=\"noopener noreferrer\">\n <b>38. Volkslauf im Kl\u00f6vensteen<\/b><\/a>\n\n     <b><font color=\"#FF0000\">! findet aus organisatorischen Gr\u00fcnden 2013 nicht statt !<\/font><\/b>\n\nSchade eigentlich.\n5,2 km, 10 km und HM - der <b>SuS Waldenau<\/b>, bekannter Sportverein in der N\u00e4he von Pinneberg,\n veranstaltet schon seit \u00fcber 30 Jahren diesen Lauf - ab 2009 neu im Programm sind die 5,2 km.<\/td>\n\n\n<\/tr>\n\n\n\n\n<tr>\n\n\n<td>??.06.2022<\/td>\n\n\n\n\n<td>14.00 Uhr<\/td>\n\n\n\n\n<td>Erw. 6,- \u20ac\nJug. 3,- \u20ac\nTeams je nach\nAnzahl ab\n45,- \u20ac<\/td>\n\n\n\n\n<td><a href=\"http:\/\/www.tsvhusum.de\/24-stunden-lauf-infos\" target=\"blank\" rel=\"noopener noreferrer\"><b>24-Stundenlauf von Husum<\/b><\/a>&nbsp;&nbsp;&nbsp;&nbsp;&nbsp;&nbsp;&nbsp;\n\ndiesmal keine Idee des <b>LAV Husum<\/b> sondern vom TSV aus der gleichen \"grauen Stadt am Meer\" - neben Einzell\u00e4ufern d\u00fcrfen auch Teams mit unbegrenzter Anzahl von Teilnehmern mitmachen (auch Walker) - gelaufen wird im Stadion auf der 400m-Runde bis Sonntag 14.00 Uhr - 2019 wurde der Lauf mangels Anmeldungen abgesagt - f\u00fcr 2020 ist noch nichts bekannt.<\/td>\n\n\n<\/tr>\n\n\n\n\n<tr>\n\n\n<td>??.06.2024<\/td>\n\n\n\n\n<td>18.45 Uhr<\/td>\n\n\n\n\n<td>6,- \u20ac<\/td>\n\n\n\n\n<td><a href=\"https:\/\/www.tus-jevenstedt.de\/volkslauf\/ausschreibung\/\" target=\"blank\" rel=\"noopener noreferrer\"><b>3. Jevenstedter Volkslauf<\/b><\/a>\n\n5 km, 10 km und 7,5 km Walking - der TuS Jevenstedt feierte 2019 sein 100-j\u00e4hriges Bestehen, wird die Volkslauf-Premiere von 2018 dieses Jahr zum dritten Mal wiederholt?<\/td>\n\n\n<\/tr>\n\n\n\n\n<tr>\n\n\n<td>??.06.2022<\/td>\n\n\n\n\n<td>5 km:\n17.45 Uhr\n\n10,5 km:\n18.00 Uhr<\/td>\n\n\n\n\n<td>9,- \u20ac\n\n11,- \u20ac<\/td>\n\n\n\n\n<td><a href=\"http:\/\/www.imlandlauf.aco\/home\/\" target=\"_blank\" rel=\"noopener noreferrer\"><b>11. imland MS-Lauf<\/b><\/a> in Rendsburg\n\nDie Streckenl\u00e4ngen wurden ge\u00e4ndert auf 5 km und 10,5 km - es geht aber nach wie vor an Eider und Nord-Ostsee-Kanal entlang - die Premiere 2012 war schon ein gro\u00dfer Erfolg - Veranstalter ist die <a href=\"http:\/\/www.imlandlauf.de\/home\/\" target=\"blank\" rel=\"noopener noreferrer\"><b>Imland-Klinik Rendsburg<\/b><\/a> - das Startgeld ist zwar hoch, aber die ersten 200 angemeldeten Teilnehmer erhalten ein Lauffunktionsshirt und die Gelder kommen der Deutschen Multiple Sklerose Gesellschaft (<b>DMSG<\/b>) zugute<\/td>\n\n\n<\/tr>\n\n\n\n\n<tr>\n\n\n<td>??.06.2023<\/td>\n\n\n\n\n<td>10.00 Uhr<\/td>\n\n\n\n\n<td>49,- \u20ac\nje Staffel\nbis 20.04.<\/td>\n\n\n\n\n<td><img loading=\"lazy\" decoding=\"async\" class=\"alignnone size-full wp-image-334\" src=\"\/alg\/wp-content\/uploads\/Massband.jpg\" alt=\"vermessene Strecke\" width=\"69\" height=\"30\" \/><a href=\"http:\/\/www.staffelmarathon-eckernfoerde.de\/\" target=\"blank\" rel=\"noopener noreferrer\"><b>19. Eckernf\u00f6rder Staffelmarathon<\/b><\/a>\n\n<b>! findet m\u00f6glicherweise nicht mehr statt !<\/b>\n10 Teilnehmer laufen jeweils 4,2 km oder 2 Personen teilen sich die Strecke und laufen jeweils einen HM - Sch\u00fclerstaffeln werden gesponsert und sind damit kostenlos!<\/td>\n\n\n<\/tr>\n\n\n\n\n<tr>\n\n\n<td>02.06.2024<\/td>\n\n\n\n\n<td>HM:\n08.50 Uhr\n10 km:\n09.30 Uhr\n5 km:\n09.50 Uhr<\/td>\n\n\n\n\n<td>19,- \u20ac\n\n15,- \u20ac\n\n13,- \u20ac<\/td>\n\n\n\n\n<td><b><a href=\"http:\/\/www.krooger-waldlauf.de\" target=\"blank\" rel=\"noopener noreferrer\">11. Krooger Waldlauf<\/a><\/b>\n<span style=\"color: #ff0000;\"><strong>!<\/strong><\/span> Der Krooger Waldlauf 2023 wurde wegen zu wenig Anmeldungen abgesagt <span style=\"color: #ff0000;\"><strong>!<\/strong><\/span>\n\n5 km, 10 km und 2022 zum 10ten Jubil\u00e4um ein Halbmarathon, die 5 km auch als Sch\u00fclerlauf (8,- \u20ac) und 5 km-Walking (11,- \u20ac) - im <b>Kieler S\u00fcden<\/b> wird der heimischen L\u00e4uferszene im Juni einiges geboten - Start und Ziel sind bei der Sporthalle Elmschenhagen. Landschaftlich und von der Strecke her sicher ein wundersch\u00f6ner und anspruchsvoller HM bis ins R\u00f6nner Gehege und zur\u00fcck.<\/td>\n\n\n<\/tr>\n\n\n\n\n<tr>\n\n\n<td>04?.06.2024<\/td>\n\n\n\n\n<td>5 km:\n09.20 Uhr\n\n16,1 km:\n09.30 Uhr<\/td>\n\n\n\n\n<td>6,- \u20ac\n\n10,- \u20ac<\/td>\n\n\n\n\n<td><img loading=\"lazy\" decoding=\"async\" class=\"alignnone size-full wp-image-334\" src=\"\/alg\/wp-content\/uploads\/Massband.jpg\" alt=\"vermessene Strecke\" width=\"69\" height=\"30\" \/><a href=\"https:\/\/gettorfer-tv.de\/\" target=\"blank\" rel=\"noopener noreferrer\"><b>23. Gettorf-Lauf<\/b><\/a>\n\n<b>Wertungslauf zum <a href=\"http:\/\/www.zippels.de\/zippels-cup.html\" target=\"blank\" rel=\"noopener noreferrer\">Zippel's-Kiel-Cup<\/a><\/b>\n5 km, 10 Meilen (16,1 km) und 7,5 km Walking - dieser Lauf hat sich mittlerweile in der heimischen Laufszene etabliert - eine sch\u00f6ne, schnelle Strecke mit starker Konkurrenz.<\/td>\n\n\n<\/tr>\n\n\n\n\n<tr>\n\n\n<td>??.06.2024<\/td>\n\n\n\n\n<td>4,5 km:\n11.15 Uhr\n\n7,5 km:\n11.00 Uhr<\/td>\n\n\n\n\n<td>10,- \u20ac<\/td>\n\n\n\n\n<td><a href=\"http:\/\/www.lauffreunde-suelfeld.de\/\" target=\"blank\" rel=\"noopener noreferrer\"><b>3. S\u00fclfelder Meilenlauf<\/b><\/a>\n\n4,5 km und 7,5 km - ungew\u00f6hnliche Streckenl\u00e4ngen bei der Volkslauf-Premiere des kleinen Ortes bei Bad Oldesloe - die \u201eS\u00fclfelder Meile\u201c orientiert sich an der sog. preu\u00dfischen Meile mit ca. 7,4 km -\nman darf gespannt sein, wie sich dieser Volkslauf entwickelt.<\/td>\n\n\n<\/tr>\n\n\n\n\n<tr>\n\n\n<td>??.??.2024<\/td>\n\n\n\n\n<td>18.00 Uhr<\/td>\n\n\n\n\n<td>6,- \u20ac<\/td>\n\n\n\n\n<td><a href=\"http:\/\/www.navyrunkiel.de\/\" target=\"blank\" rel=\"noopener noreferrer\"><b>7. NAVY RUN KIEL<\/b><\/a>\n\n6 km und 11 km - f\u00fcr L\u00e4ufer neuerdings der Einstieg in die Kieler Woche - bei der Premiere 2013 war von der ALG nur Familie Sch\u00fctz am Start - Start und Ziel sind auf dem Marinegel\u00e4nde an der Warnem\u00fcnder Stra\u00dfe - nach Zielschluss gibt es das Angebot zu einer Schiffsbesichtigung<\/td>\n\n\n<\/tr>\n\n\n\n\n<tr>\n\n\n<td>??.??.2024<\/td>\n\n\n\n\n<td>18.00 Uhr\n-\n21.00 Uhr<\/td>\n\n\n\n\n<td>4,- \u20ac<\/td>\n\n\n\n\n<td><img loading=\"lazy\" decoding=\"async\" class=\"alignnone size-full wp-image-334\" src=\"\/alg\/wp-content\/uploads\/Massband.jpg\" alt=\"vermessene Strecke\" width=\"69\" height=\"30\" \/><a href=\"https:\/\/leichtathletik.vfl-oldesloe.de\/events\/categories\/wettkaempfe\/\" target=\"_blank\" rel=\"noopener noreferrer\"><b>42. L\u00e4uferabendserie Bad Oldesloe<\/b><\/a> - 1. Abend\n\nOhne Meisterschaftsstress treffen sich laufbegeisterte Sportler im Travestadion am Konrad-Adenauer-Ring - L\u00e4ufe \u00fcber 100m, 200m, 400m, 1000m, 3000m werden angeboten.<\/td>\n\n\n<\/tr>\n\n\n\n\n<tr>\n\n\n<td>??.06.2024<\/td>\n\n\n\n\n<td>5 km:\n09.40 Uhr\n\n13 km:\n09.30 Uhr<\/td>\n\n\n\n\n<td>7,- \u20ac\n\n11,- \u20ac<\/td>\n\n\n\n\n<td><a href=\"http:\/\/www.tsv-schoenberg-strandlaeufer.de\/ausschreibung.html\" target=\"blank\" rel=\"noopener noreferrer\"><b>31. Deich- und Salzwiesenlauf<\/b><\/a>\n\n<b>? Kein Deich- und Salzwiesenlauf 2023 ?<\/b>\n5 km und 13 km - schneller, flacher Kurs an der <b>Ostseek\u00fcste<\/b>, organisiert vom TSV Sch\u00f6nberg - kann bei b\u00f6igem Wind aus der \"falschen\" Richtung am Deich aber auch sehr unangenehm werden - das richtige f\u00fcr standfeste Nordlichter.<\/td>\n\n\n<\/tr>\n\n\n--><\/p>\n<table border=\"1\" cellspacing=\"0\" align=\"center\">\n<tbody>\n<tr class=\"u\">\n<th width=\"90\">Datum<\/th>\n<th width=\"90\">Startzeit<\/th>\n<th width=\"90\">Startgeld<\/th>\n<th width=\"570\">Veranstaltung<\/th>\n<\/tr>\n<tr>\n<td>03.06.2026<\/td>\n<td>beliebig<\/td>\n<td>kostenlos<\/td>\n<td><a href=\"https:\/\/www.tagdeslaufens.de\/\" target=\"blank\" rel=\"noopener noreferrer\"><b>Internationaler Tag des Laufens<\/b><\/a><\/p>\n<p>Vereine, Lauftreffs und private Initiativen laden zum gemeinsamen Lauf am fr\u00fchen Abend ein &#8211; Du kannst einfach irgendwo allein oder mit Freunden loslaufen &#8211; Wie schnell oder langsam du l\u00e4ufst, spielt keine Rolle, es ist auch egal, wie viele Kilometer du abspulst. Weltweit wird der Global Running Day jedes Jahr am ersten Mittwoch im Juni gefeiert.<\/td>\n<\/tr>\n<tr>\n<td>05.06.2026<\/td>\n<td>5 km:<br \/>\n18.45 Uhr<br \/>\n10 km:<br \/>\n19.15 Uhr<\/td>\n<td>14,- \u20ac<br \/>\nSch\u00fcler:<br \/>\n7,- \u20ac<\/td>\n<td><img loading=\"lazy\" decoding=\"async\" class=\"alignnone size-full wp-image-334\" src=\"\/alg\/wp-content\/uploads\/Massband.jpg\" alt=\"vermessene Strecke\" width=\"69\" height=\"30\" \/><b><a href=\"https:\/\/www.mtv-heide.de\/heider-abendstadtlauf\/\" target=\"_blank\" rel=\"noopener noreferrer\">40. Abend-Stadtlauf Heide<\/a><\/b><\/p>\n<p>5 km und 10 km &#8211; auch ein Lauf mit ganz, ganz langer Tradition und durchaus bestzeitenf\u00e4hig. 2005 sorgten starke Orkanb\u00f6en mit heftigem Regen zwei Minuten vor dem Star f\u00fcr den Abbruch des Laufes, und das bei einer Rekordbeteiligung von \u00fcber 1500 L\u00e4ufern &#8211; Wertungslauf zum <a href=\"http:\/\/www.klv-dithmarschen.net\/\" target=\"blank\" rel=\"noopener noreferrer\"><b>Dithmarschen-Cup<\/b><\/a>.<\/td>\n<\/tr>\n<tr>\n<td>06.\/07.06.2026<\/td>\n<td>laut Zeitplan<\/td>\n<td>nach SHLV<\/td>\n<td><span style=\"color: #ff0000; font-size: small;\"><b>!<\/b><\/span><a href=\"https:\/\/www.shlv.de\/wettkampfkalender\" target=\"blank\" rel=\"noopener noreferrer\"> <b>Leichtathletik-Landesmeisterschaften f\u00fcr Ju20\/u16<\/b><\/a><span style=\"color: #ff0000; font-size: small;\"><b> !<\/b><\/span><\/p>\n<p>Laufwettbewerbe von 100 m bis 5000 m &#8211; Sprung- und Wurfdisziplinen &#8211; Ort des Geschehens ist das Stadion am Buniamshof in L\u00fcbeck<\/td>\n<\/tr>\n<tr>\n<td>07.06.2026<\/td>\n<td>ab 09.30 Uhr<\/td>\n<td>5,- \u20ac \/ 10,- \u20ac<\/td>\n<td><img loading=\"lazy\" decoding=\"async\" class=\"alignnone size-full wp-image-334\" src=\"\/alg\/wp-content\/uploads\/Massband.jpg\" alt=\"vermessene Strecke\" width=\"69\" height=\"30\" \/><a href=\"https:\/\/acnf.eu\/Veranstaltungen\/Lauf-veranstaltungen\/\" target=\"blank\" rel=\"noopener noreferrer\"><b>8. Tine\u2013Flugplatzlauf<\/b><\/a><\/p>\n<p>10 km und 5 km &#8211; beide Strecken amtlich vermessen &#8211; verantwortlich sind das Flugabwehrraketengeschwader 1 in Husum und der Automobilclub Nordfriesland e.V., neben Kropp und dem Kieler Navy-Run also der n\u00e4chste Lauf, f\u00fcr den unsere Bundeswehr verantwortlich zeichnet &#8211; der Flugplatz Schwesing liegt ca. 5 km \u00f6stlich von Husum.<\/td>\n<\/tr>\n<tr>\n<td>07.06.2026<\/td>\n<td>5 km +<br \/>\n10 km: 10.30 Uhr<br \/>\n15 km: 09.45 Uhr<\/td>\n<td>09,- \u20ac<br \/>\n    14,- \u20ac<br \/>\n    19,- \u20ac<\/td>\n<td><img loading=\"lazy\" decoding=\"async\" class=\"alignnone size-full wp-image-334\" src=\"\/alg\/wp-content\/uploads\/Massband.jpg\" alt=\"vermessene Strecke\" width=\"69\" height=\"30\" \/><a href=\"http:\/\/www.rund-um-ratekau.de\/\" target=\"blank\" rel=\"noopener noreferrer\"><b>36. Rund um Ratekau<\/b><\/a><\/p>\n<p>mit den Streckenl\u00e4ngen 15 km, 10 km und 5 km &#8211; der beliebte Traditionslauf bei L\u00fcbeck zieht immer wieder Spitzenl\u00e4ufer auch aus dem Ausland an, speziell aus dem ehemaligen Ostblock.<\/td>\n<\/tr>\n<tr>\n<td>12.06.2026<\/td>\n<td>5 km:<br \/>\n17.30 Uhr<br \/>\n10 km:<br \/>\n19.00 Uhr<\/td>\n<td>12,- \u20ac<\/p>\n<p>22,- \u20ac<\/td>\n<td><img loading=\"lazy\" decoding=\"async\" class=\"alignnone size-full wp-image-334\" src=\"\/alg\/wp-content\/uploads\/Massband.jpg\" alt=\"vermessene Strecke\" width=\"69\" height=\"30\" \/><b><a href=\"https:\/\/www.holstenkoestenlauf.com\" target=\"blank\" rel=\"noopener noreferrer\">36. Holstenk\u00f6stenlauf Neum\u00fcnster<\/a><\/b><\/p>\n<p>10 km und 5 km &#8211; zwischen 16.00 und 17.00 Uhr starten noch diverse Jugendl\u00e4ufe \u00fcber 1,3 km &#8211; einer der sch\u00f6nsten und gr\u00f6\u00dften Stadtl\u00e4ufe der Region im Rahmen des Stadtfestes &#8222;Holstenk\u00f6ste&#8220;.<br \/>\nViel Publikum und eine <b>Superstimmung<\/b>, Start und Ziel sind jetzt am Kleinflecken &#8211; dem Kiel.Lauf durchaus ebenb\u00fcrtig &#8211; die Startgeb\u00fchr ist leider zuletzt teuer geworden.<\/td>\n<\/tr>\n<tr>\n<td>13.06.2026<\/td>\n<td>13.30 Uhr &#8211;<br \/>\n19.30 Uhr<\/td>\n<td>4,-\/8,- \u20ac<\/td>\n<td><a href=\"https:\/\/www.mut-lauf.de\/\" target=\"blank\" rel=\"noopener noreferrer\"><b>10. Kieler Mut-Lauf<\/b><\/a><\/p>\n<p>Der MUT-LAUF ist der Lauf f\u00fcr seelische Gesundheit in Deutschland &#8211; er will auf die gro\u00dfe Verbreitung der Krankheit &#8222;Depression&#8220; hinweisen &#8211; er fand erstmals 2016 in Berlin statt und seit 2017 gibt es ihn auch in Kiel &#8211; gelaufen wird ab 16:00 Uhr auf der Moorteichwiese auf einem 1,5 km-Rundkurs, der (so oft wie jeder will) durchlaufen werden kann, allerdings ohne Zeitnahme &#8211; Kids laufen ab 15:00 Uhr auf einem 830 m- Rundkurs.<\/td>\n<\/tr>\n<tr>\n<td>07.06.2026<\/td>\n<td>5 km:<br \/>\n09.00 Uhr<br \/>\n10 km:<br \/>\n09.50 Uhr<\/td>\n<td>13,- \u20ac<\/td>\n<td><img loading=\"lazy\" decoding=\"async\" class=\"alignnone size-full wp-image-334\" src=\"\/alg\/wp-content\/uploads\/Massband.jpg\" alt=\"vermessene Strecke\" width=\"69\" height=\"30\" \/><b><a href=\"https:\/\/svfriedrichsgabe.de\/\" target=\"_blank\" rel=\"noopener noreferrer\">28. Stadtlauf Norderstedt<\/a><\/b><\/p>\n<p>5 km und 10 km &#8211; Sch\u00fcler zahlen nur 8,- \u20ac &#8211; der Lauf <b>im Norden von Hamburg<\/b> wurde komplett ver\u00e4ndert &#8211; der alte ARRIBA-Stadtlauf existiert nicht mehr &#8211; neuer Start-\/Zielbereich am Vereinsgel\u00e4nde des SV Friedrichsgabe, neue Laufstrecke sowie weitere \u00c4nderungen.<\/td>\n<\/tr>\n<tr>\n<td>13.\/14.06.2026<\/td>\n<td>laut Zeitplan<\/td>\n<td>nach SHLV<\/td>\n<td><span style=\"color: #ff0000; font-size: small;\"><b>!<\/b><\/span><a href=\"https:\/\/www.shlv.de\/wettkampfkalender\" target=\"blank\" rel=\"noopener noreferrer\"> <b>Leichtathletik-Landesmeisterschaften f\u00fcr M\u00e4nner, Frauen und Jug.u18 M\/F<\/b><\/a><span style=\"color: #ff0000; font-size: small;\"><b>!<\/b><\/span><\/p>\n<p>Laufwettbewerbe von 100 m bis 5000 m &#8211; Sprung- und Wurfdisziplinen &#8211; Veranstaltungsort ist dieses Jahr Hamburg.<\/td>\n<\/tr>\n<tr>\n<td>14.06.2026<\/td>\n<td>Ab 09:10 Uhr<\/td>\n<td> 5 km: 8,- \u20ac<br \/>\n10 km: 12,- \u20ac<\/td>\n<td><img loading=\"lazy\" decoding=\"async\" class=\"alignnone size-full wp-image-334\" src=\"\/alg\/wp-content\/uploads\/Massband.jpg\" alt=\"vermessene Strecke\" width=\"69\" height=\"30\" \/><a href=\"https:\/\/bmtv.de\/sportangebote\/veranstaltungen\/stadtlauf\" target=\"blank\" rel=\"noopener noreferrer\"><b>22. Barmstedter Stadtlauf<\/b><\/a><\/p>\n<p>5 km + 10 km &#8211; Barmstedt liegt bei Elmshorn und sehr idyllisch am <b>Rantzauer See<\/b> mit sch\u00f6nen Spazierwegen, Park, Schwimmbad und der Schlossinsel Rantzau &#8211; schon bei der Premiere waren fast 200 L\u00e4ufer pro Strecke unterwegs &#8211; zum Jubil\u00e4um 2024 gab es einen Halbmarathon &#8211; \u00fcber 5 km darf auch gewalkt werden.<\/td>\n<\/tr>\n<tr>\n<td>14.06.2026<\/td>\n<td>10.00 Uhr<\/td>\n<td>keine<br \/>\nStart-<br \/>\ngeb\u00fchren<\/td>\n<td><a href=\"https:\/\/www.lauftreff-wedel.de\/index.php\/unser-sportangebot\/donatus-lauf\" target=\"blank\" rel=\"noopener noreferrer\"><b>9. Wedeler Donatus-Lauf<\/b><\/a><\/p>\n<p>5,6 km und 11 km &#8211; ein weiterer neuer Volkslauf im S\u00fcdwesten von Schleswig-Holstein gelaufen wird auf einem 5,6 km-Rundkurs im Kl\u00f6vensteen &#8211; statt einer Startgeb\u00fchr bittet der Veranstalter, der 2014 neu gegr\u00fcndete Lauftreff Wedel e.V., um Spenden, die gemeinn\u00fctzigen Wedeler Organisationen zugute kommen &#8211; es gibt hier <b>keine Zeitnahme<\/b>.<\/td>\n<\/tr>\n<tr>\n<td>14.06.2026<\/td>\n<td>5,9 km<br \/>\n10.45 Uhr<br \/>\n10 km<br \/>\n11.15 Uhr<\/td>\n<td>8,- \u20ac<br \/>\n10,- \u20ac<\/td>\n<td><a href=\"http:\/\/www.tsv-kappeln.de\/stadtlauf.html\" target=\"blank\" rel=\"noopener noreferrer\"><b>17. Stadtlauf &#8222;Kappeln Rund&#8220;<\/b><\/a><\/p>\n<p>10 km und 5,9 km &#8211; Das St\u00e4dtchen an der Schlei richtet auch seinen Stadtlauf aus &#8211; f\u00fcr die Region sicher ein brauchbarer Ersatz f\u00fcr den nicht mehr veranstalteten Schleilauf &#8211; Start und Ziel sind direkt an der Schleipromenade.<\/td>\n<\/tr>\n<tr>\n<td>14.06.2026<\/td>\n<td>09.00 Uhr<\/td>\n<td>15,- \u20ac<\/td>\n<td><a href=\"https:\/\/my.raceresult.com\/358636\/\" target=\"blank\" rel=\"noopener noreferrer\"><b>5. Balzburg-Marathon<\/b><\/a><\/p>\n<p>43 km &#8211; ein neuer, weitr\u00e4umiger Landschaftsmarathon zwischen Bokel im Norden und M\u00f6rel im S\u00fcden &#8211; Start und Ziel ist in Ellerdorf beim Biohof &#8222;Balzburg&#8220;<br \/>\n2 km n\u00f6rdlich von Nortorf &#8211; unterwegs werden die Teilnehmenden an acht Erfrischungsstellen verpflegt &#8211; auch als 4er-Staffellauf mit 9 &#8211; 13 km-Etappen f\u00fcr 20,- \u20ac: ein echtes Schn\u00e4ppchen, und das auf einer tollen Strecke.<\/td>\n<\/tr>\n<tr>\n<td>14.06.2026<\/td>\n<td>\n5 km: 10:30 Uhr<\/p>\n<p>10 km: 13:00 Uhr<\/p>\n<p>HM: 11:30 Uhr<\/td>\n<td>\n12,- \u20ac<\/p>\n<p>15,- \u20ac<\/p>\n<p>21,- \u20ac\n<\/td>\n<td><img loading=\"lazy\" decoding=\"async\" class=\"alignnone size-full wp-image-334\" src=\"\/alg\/wp-content\/uploads\/Massband.jpg\" alt=\"vermessene Strecke\" width=\"69\" height=\"30\"><a href=\"http:\/\/www.handewitter-sommerlauf.de\/\" target=\"blank\" rel=\"noopener noreferrer\"><b>15. Handewitter Sommerlauf<\/b><\/a>&nbsp;&nbsp;&nbsp;&nbsp;<\/p>\n<p>5 km, 10 km und HM &#8211; da, wo einer der besten deutschen Handballvereine beheimatet ist, wird auch gelaufen &#8211; diesen Lauf habe ich erst 2011 entdeckt, obwohl ihn 2009 schon fast 1000 Teilnehmer genossen haben &#8211; ab 2017 deshalb auch Wertungslauf im <a href=\"http:\/\/www.zippels.de\/de\/zippels-cup\/nord_cup\/\" target=\"blank\" rel=\"noopener noreferrer\"><b>Zippels Nord-Cup<\/b> <\/a><\/td>\n<\/tr>\n<tr>\n<td>19.06.2026<\/td>\n<td>5 km:<br \/>\n18.00 Uhr<br \/>\n10 km:<br \/>\n19.00 Uhr<\/td>\n<td>10,- \u20ac<\/td>\n<td><img loading=\"lazy\" decoding=\"async\" class=\"alignnone size-full wp-image-334\" src=\"\/alg\/wp-content\/uploads\/Massband.jpg\" alt=\"vermessene Strecke\" width=\"69\" height=\"30\" \/><a href=\"http:\/\/www.vfb-brunsbuettel.de\/index.php\/citylauf\" target=\"blank\" rel=\"noopener noreferrer\"><b>24. Brunsb\u00fctteler Citylauf<\/b><\/a><\/p>\n<p>5 km und 10 km &#8211; wo der <b>Nord-Ostsee-Kanal<\/b> in die Elbe m\u00fcndet, wird ein sch\u00f6ner Freitag-Abendlauf veranstaltet &#8211; neue Streckenf\u00fchrung auf einem 5 km-Rundkurs mit Start und Ziel im Stadion am Bildungszentrum &#8211; Sch\u00fcler zahlen nur 4,50 \u20ac &#8211;<br \/>\nWertungslauf zum <a href=\"http:\/\/www.klv-dithmarschen.net\/\" target=\"blank\" rel=\"noopener noreferrer\"><b>Dithmarschen-Cup<\/b><\/a>.<\/td>\n<\/tr>\n<tr>\n<td>??.06.2026<br \/>\n(Freitag?)<\/td>\n<td>5 km:<br \/>\n18.00 Uhr<br \/>\n10 km:<br \/>\n19.00 Uhr<\/td>\n<td>6,- \u20ac<\/td>\n<td><a href=\"https:\/\/tus-bargstedt.de\/23-mittsommernachtslauf-am-20-06-2025\/\" target=\"blank\" rel=\"noopener noreferrer\"><b>24. Bargstedter Mittsommernachtslauf<\/b><\/a><\/p>\n<p>ca. 5 km und ca. 10 km &#8211; sch\u00f6ner Wald- und Wiesen-Abendlauf &#8211; kurzes St\u00fcck oder lange Runde durchs <b>Holtorfer Gehege<\/b> und dann ins Dorf zum Zieleinlauf auf dem Sportplatz &#8211; 5 km auch f\u00fcr Walker.<\/td>\n<\/tr>\n<tr>\n<td>20.06.2026<\/td>\n<td>\n14.00 Uhr\n<\/td>\n<td>100,- \u20ac<br \/>\npro Team<\/td>\n<td><a href=\"http:\/\/www.dorflauf.de\/\" target=\"blank\" rel=\"noopener noreferrer\"><b>100 km Staffellauf des TSV Brokstedt<\/b><\/a><\/p>\n<p><!--\n\n\n<td>5,3 km:\n15.45 Uhr\n10,6 km:\n17.00 Uhr<\/td>\n\n\n\n\n<td>7,- \u20ac\nJug. 3,50 \u20ac<\/td>\n\n\n\n\n<td><a href=\"http:\/\/www.dorflauf.de\/\" target=\"blank\" rel=\"noopener noreferrer\"><b>25. Brokstedter Dorflauf<\/b><\/a>\n\n\n5,2 km und 10 km - bekannt geworden durch seine allj\u00e4hrlichen <b>Motorrad-Rennen<\/b> hat die Gemeinde s\u00fcdwestlich von Neum\u00fcnster auch ein gro\u00dfes Herz f\u00fcr L\u00e4ufer - Wertungslauf zum <a href=\"http:\/\/steinburgcup.de\/pages\/die-veranstalter.php\" target=\"blank\" rel=\"noopener noreferrer\"><b>Steinburg-Cup<\/b><\/a>.\n--><br \/>\nZum 100j\u00e4hrigen Vereinsjubil\u00e4um gibt es 2026 keinen Dorflauf wie sonst, sondern einen Staffellauf \u00fcber 100 km (Jug. + Erw.) oder 50 km (Kinder bis 12 J.). Gelaufen wird jede Runde (1 km) als 2er-P\u00e4rchen &#8211; alles Weitere bitte der Ausschreibung entnehmen. Ab 20 Uhr wird von allen das Vereinsjubil\u00e4um gefeiert. Eine interessante neue Idee vom TSV Brokstedt.<\/p>\n<\/td>\n<\/tr>\n<tr>\n<td>??.06.2026<\/td>\n<td>15.30 Uhr<\/td>\n<td>?,- \u20ac<\/td>\n<td><b><a href=\"https:\/\/www.tus-holtenau.de\/Aktuelles\/Sportfest-TUS-Holtenau\" target=\"blank\" rel=\"noopener noreferrer\">31. Kieler Kinderlauf<\/a><\/b><\/p>\n<p>der TuS Holtenau organisiert schon seit Jahren im Rahmen seines Sport- und Stadtteilfestes einen Kinderlauf \u00fcber 2 Strecken von 800 m und 1600 m &#8211; gelaufen wird auf dem Sportplatz in Holtenau.<\/td>\n<\/tr>\n<tr>\n<td>27.06.2026<\/td>\n<td>ab 16.00 Uhr<\/td>\n<td>5,-\/7,-\/10,- \u20ac<\/td>\n<td><a href=\"https:\/\/www.sv-enge-sande.de\" target=\"_blank\" rel=\"noopener noreferrer\"><b>4. Nospa-Mittsommerlauf<\/b><\/a><\/p>\n<p>2 km, 5 km und 10 km &#8211; der alte Crosslauf ganz hoch im Norden wird seit 2023 als Dorflauf vom SV Enge-Sande angeboten, eingebettet in den Waterkant-Cup Nordfriesland.<\/td>\n<\/tr>\n<tr>\n<td>24.06.2026<\/td>\n<td>09.30 Uhr<br \/>\n(Staffeln)<br \/>\n10.30 Uhr<br \/>\n(3 km)<br \/>\n11.55 Uhr<br \/>\n(5 km)<\/td>\n<td>0,- \u20ac<\/td>\n<td><b><a href=\"https:\/\/www.kieler-woche.de\/de\/gesellschaft\/kielerwochelauf.php\" target=\"blank\" rel=\"noopener noreferrer\">41. Kieler-Woche-Sch\u00fclerlauf<\/a><\/b><\/p>\n<p>3 km und 5 km f\u00fcr Einzelstarter (begrenzt auf 1500 Teilnehmer) und<br \/>\n1 Staffellauf (4 x 1 km) f\u00fcr Grundsch\u00fcler &#8211; die L\u00e4ufe finden im Uni-Stadion im Sportzentrum der Christian-Albrechts-Universit\u00e4t statt.<\/td>\n<\/tr>\n<tr>\n<td>26.06.2026<br \/>\n(Donnerstag)<\/td>\n<td>beide L\u00e4ufe 18.00 Uhr<\/td>\n<td>beide L\u00e4ufe 10,- \u20ac<\/td>\n<td><a title=\"1 Runde durchs Moor\" href=\"http:\/\/www.moorlauf.wetzstopp.de\/\" target=\"blank\" rel=\"noopener noreferrer\"><b>31. Osterr\u00f6nfelder Moorlauf<\/b><\/a><\/p>\n<p>5 km und 10 km &#8211; auf der sch\u00f6nen, naturnahen und gleichzeitig schnellen Strecke durch das Osterr\u00f6nfelder Moor.<\/td>\n<\/tr>\n<tr>\n<td>27.06.2026<\/td>\n<td>5 km:<br \/>\n15.25 Uhr10 km:<br \/>\n15.15 Uhr<\/td>\n<td>9,- \u20ac<\/td>\n<td><img loading=\"lazy\" decoding=\"async\" class=\"alignnone size-full wp-image-334\" src=\"\/alg\/wp-content\/uploads\/Massband.jpg\" alt=\"vermessene Strecke\" width=\"69\" height=\"30\" \/><a href=\"https:\/\/www.etsv-fortuna.de\/index.php\/veranstaltungen\/city-lauf\" target=\"blank\" rel=\"noopener noreferrer\"><b>31. Gl\u00fcckst\u00e4dter Citylauf<\/b><\/a><\/p>\n<p>5,4 km und 10 km &#8211; Start und Ziel ist der historische Marktplatz der Kleinstadt an der <b>Elbm\u00fcndung<\/b> &#8211; und nach dem Lauf lockt Lukullus zur Er\u00f6ffnung der Matjeswochen &#8211; Wertungslauf zum <a href=\"http:\/\/steinburgcup.de\/\" target=\"blank\" rel=\"noopener noreferrer\"><b>Steinburg-Cup<\/b><\/a><\/td>\n<\/tr>\n<tr>\n<td>28.06.2026<\/td>\n<td>ab 10.30 Uhr<\/td>\n<td>10,-\/12,-\/14,- \u20ac<\/td>\n<td><b><a href=\"http:\/\/der-sternenlauf.de\/ausschreibung\/\" target=\"_blank\" rel=\"noopener noreferrer\">12. Sternenlauf Seester<\/a><\/b><\/p>\n<p>3 km, 5 km und 10 km &#8211; nach 1 Jahr Pause wird wieder durch die<br \/>\nSeesterm\u00fcher Marsch gelaufen &#8211; Der Erl\u00f6s kommt komplett dem Kinder-Hospiz Sternenbr\u00fccke in Hamburg zugute &#8211; 3 und 5 km k\u00f6nnen auch gewalkt werden.<\/td>\n<\/tr>\n<\/tbody>\n<\/table>\n","protected":false},"excerpt":{"rendered":"<p>Ferien 2025\/2026 in Schleswig-Holstein Weihnachten Ostern Sommer Herbst 19.12.-06.01. 26.03.-10.04. 04.07.-15.08. 12.10.-24.10. = vermessene Strecke Datum Startzeit Startgeld Veranstaltung 03.06.2026 beliebig kostenlos Internationaler Tag des Laufens Vereine, Lauftreffs und private Initiativen laden zum gemeinsamen Lauf am fr\u00fchen Abend ein &#8211; Du kannst einfach irgendwo allein oder mit Freunden loslaufen &#8211; Wie schnell oder langsam du &hellip; <a href=\"https:\/\/www.vflbokel.de\/alg\/termine\/juni\/\" class=\"more-link\"><span class=\"screen-reader-text\">Lauftermine Juni<\/span> weiterlesen <span class=\"meta-nav\">&rarr;<\/span><\/a><\/p>\n","protected":false},"author":3,"featured_media":0,"parent":8,"menu_order":3,"comment_status":"closed","ping_status":"closed","template":"","meta":{"footnotes":""},"class_list":["post-406","page","type-page","status-publish","hentry"],"_links":{"self":[{"href":"https:\/\/www.vflbokel.de\/alg\/wp-json\/wp\/v2\/pages\/406","targetHints":{"allow":["GET"]}}],"collection":[{"href":"https:\/\/www.vflbokel.de\/alg\/wp-json\/wp\/v2\/pages"}],"about":[{"href":"https:\/\/www.vflbokel.de\/alg\/wp-json\/wp\/v2\/types\/page"}],"author":[{"embeddable":true,"href":"https:\/\/www.vflbokel.de\/alg\/wp-json\/wp\/v2\/users\/3"}],"replies":[{"embeddable":true,"href":"https:\/\/www.vflbokel.de\/alg\/wp-json\/wp\/v2\/comments?post=406"}],"version-history":[{"count":200,"href":"https:\/\/www.vflbokel.de\/alg\/wp-json\/wp\/v2\/pages\/406\/revisions"}],"predecessor-version":[{"id":9458,"href":"https:\/\/www.vflbokel.de\/alg\/wp-json\/wp\/v2\/pages\/406\/revisions\/9458"}],"up":[{"embeddable":true,"href":"https:\/\/www.vflbokel.de\/alg\/wp-json\/wp\/v2\/pages\/8"}],"wp:attachment":[{"href":"https:\/\/www.vflbokel.de\/alg\/wp-json\/wp\/v2\/media?parent=406"}],"curies":[{"name":"wp","href":"https:\/\/api.w.org\/{rel}","templated":true}]}}