{"id":1218,"date":"2016-02-11T01:50:45","date_gmt":"2016-02-11T00:50:45","guid":{"rendered":"http:\/\/gamma.vflbokel.de\/?page_id=1218"},"modified":"2025-12-29T21:23:27","modified_gmt":"2025-12-29T20:23:27","slug":"nov-dez","status":"publish","type":"page","link":"https:\/\/www.vflbokel.de\/alg\/termine\/nov-dez\/","title":{"rendered":"Lauftermine November \/ Dezember"},"content":{"rendered":"<h4>Ferien 2025\/2026 in Schleswig-Holstein<\/h4>\n<table style=\"width: 400px;\" border=\"1\" cellspacing=\"0\" align=\"center\">\n<tbody>\n<tr>\n<td style=\"padding: 2px;\">Weihnachten<\/td>\n<td style=\"padding: 2px;\">Ostern<\/td>\n<td style=\"padding: 2px;\">Sommer<\/td>\n<td style=\"padding: 2px;\">Herbst<\/td>\n<\/tr>\n<tr>\n<td style=\"padding: 2px;\">19.12.-06.01.<\/td>\n<td style=\"padding: 2px;\">26.03.-10.04.<\/td>\n<td style=\"padding: 2px;\">04.07.-15.08.<\/td>\n<td style=\"padding: 2px;\">12.10.-24.10.<\/td>\n<\/tr>\n<\/tbody>\n<\/table>\n<p><img loading=\"lazy\" decoding=\"async\" class=\"alignnone size-full wp-image-334\" src=\"\/alg\/wp-content\/uploads\/Massband.jpg\" alt=\"vermessene Strecke\" width=\"69\" height=\"30\"> = vermessene Strecke<\/p>\n<p><!--\n\n\n<tr class=\"\">\n\n\n<td>Herbst 2013<\/td>\n\n\n\n\n<td>10 km:\n14.00 Uhr<\/td>\n\n\n\n\n<td>9,- &euro;<\/td>\n\n\n\n\n<td><a href=\"http:\/\/www.gelting-sport.net\/Birk-Cross\/\" target=\"blank\" rel=\"noopener noreferrer\">\n <b>8. Geltinger Birk-Cross<\/b><\/a>\n\n 10 km auf den Reitwegen der Geltinger Birk - ob winterlich verschneit oder regennass und matschig,\n der Crosslauf bei <b>Gelting<\/b> ist ein echter H\u00e4rtetest.<\/td>\n\n\n<\/tr>\n\n\n\n\n<tr class=\"\">\n\n\n<td>11.12.2011<\/td>\n\n\n\n\n<td>10.00 Uhr<\/td>\n\n\n\n\n<td>?<\/td>\n\n\n\n\n<td><b><a href=\"http:\/\/www.lvmv.de\/\" target=\"blank\" rel=\"noopener noreferrer\">\n32. Nikolauslauf Rostock<\/a><\/b>\n\n f\u00fcr den Lauf gibt es (noch) keine Homepage.\nStreckenl\u00e4ngen:3,5 km, 7 km, 12,5 km, 24 km.\nMeldungen an: Siegfried Ebert, Weidenweg 7, 19190 Sanitz,\nTel: 038209 - 82 017<\/td>\n\n\n<\/tr>\n\n\n\n\n<tr class=\"\">\n\n\n<td>03.11.2013<\/td>\n\n\n\n\n<td>11.20 Uhr\n\n10.50 Uhr\n\n10.30 Uhr<\/td>\n\n\n\n\n<td>6 km:\n5,- &euro;\n\n11 km\n7,- &euro;\n\nHM\n9,- &euro;<\/td>\n\n\n\n\n<td>\n\n <b><a href=\"http:\/\/www.schoenkirchen-leichtathletik.de\/\" target=\"blank\" rel=\"noopener noreferrer\">17. Herbstlauf Sch\u00f6nkirchen<\/a><\/b>\n\n2006 wurde der Sch\u00f6nkirchener Herbstlauf\nabgesagt - ab 2008 ist er mit neuen Strecken wieder im Programm!\n6 km, 11 km und HM - der <b>Kieler Vorort<\/b> im Schwentinetal bietet eine landschaftlich\n wundersch\u00f6ne Umgebung - man darf auf die neue Streckenf\u00fchrung gespannt sein.<\/td>\n\n\n<\/tr>\n\n\n\n\n<tr class=\"\">\n\n\n<td>15.12.2013<\/td>\n\n\n\n\n<td>10.00 Uhr<\/td>\n\n\n\n\n<td>?<\/td>\n\n\n\n\n<td><b><a href=\"http:\/\/www.lvmv.de\/\" target=\"blank\" rel=\"noopener noreferrer\">\nWeihnachtslauf Wismar<\/a><\/b>\n\n noch keine Homepage - Strecken: 3,6 km und 12,9 km -\n  Kontaktadresse: Frank Thiede, B\u00fcrgermeister-Brandenburg-Str. 4,\n19288 <a name=\"Klausdorf\">Ludwigslust <\/a>\n\nTel.: 0173\/2714231<\/td>\n\n\n<\/tr>\n\n\n\n\n\n<tr>\n\n\n<td>????.2022<\/td>\n\n\n\n\n<td>mehrere\nL\u00e4ufe\nvon 11.00\n-\n12.45 Uhr<\/td>\n\n\n\n\n<td>3,- \u20ac<\/td>\n\n\n\n\n<td><b><a href=\"http:\/\/kalender.shlv.de\/\" target=\"blank\" rel=\"noopener\">15. THW Nordercrosslauf<\/a><\/b>\n<strong>! Abgesagt wegen der Covid-19-Epidemie \u2013 findet erst 2022 wieder statt !<\/strong>\n\ndie L\u00e4ufer im Norden qu\u00e4len sich mal wieder durch aufgeweichten Kieler Mutterboden - Veranstaltungsgel\u00e4nde ist das Nordmarksportfeld - die Crossl\u00e4ufe gehen \u00fcber 1100m, 2200 m, 3300 m, 6600 m und 9900 m<\/td>\n\n\n<\/tr>\n\n\n\n\n<tr>\n\n\n<td>??.11.2025<\/td>\n\n\n\n\n<td>10.00 Uhr<\/td>\n\n\n\n\n<td>9,-\/7,- \u20ac<\/td>\n\n\n\n\n<td><a href=\"https:\/\/tsv-luetjenburg.de\/sportverein\/leichtathletik.html\" target=\"_blank\" rel=\"noopener noreferrer\"><b>40. Herbstlauf rund um den Binnensee<\/b><\/a>&nbsp;\n! Eine Fortsetzung des Herbstlaufs ist nicht in Sicht !\n\n21,1 km + 9,1 km (die kurze Distanz ist f\u00fcr Walker) - inzwischen bietet der <b>TSV L\u00fctjenburg<\/b> seinen Herbstlauf auf einer vermessenen HM-Strecke an - ein sehr anspruchsvoller Lauf mit einigen Steigungen, besonders heftig der vorletzte km vor dem Ziel zur\u00fcck in der Stadt - es geht Richtung Ostsee bis Hohwacht und auf einer landschaftlich wundersch\u00f6nen Strecke wieder zur\u00fcck zum Stadion.<\/td>\n\n\n<\/tr>\n\n\n\n--><\/p>\n<table border=\"2\" cellspacing=\"0\" align=\"center\">\n<tbody>\n<tr class=\"u\">\n<th width=\"80\">Datum<\/th>\n<th width=\"120\">Startzeit<\/th>\n<th width=\"100\">Startgeld<\/th>\n<th>Veranstaltung<\/th>\n<\/tr>\n<tr>\n<td>01.11.2026<\/td>\n<td>ab 10.00 Uhr<\/td>\n<td>4,-\/7,-\u20ac<\/td>\n<td><a href=\"https:\/\/www.spiridon-schleswig.de\/seite\/605157\/ausschreibung-2025.html#content\" target=\"_blank\" rel=\"noopener noreferrer\"><b>45. Tiergarten-Cross Schleswig<\/b><\/a>&nbsp;<\/p>\n<p>verschiedene Strecken &#8211; Das Startgeld ist ein Klacks,<br \/>\ndaf\u00fcr sind die Strecken ziemlich anspruchsvoll &#8211; von 1170m (Kinder) bis 8800m<\/td>\n<\/tr>\n<tr>\n<td>14.11.2026<\/td>\n<td>09.00 Uhr<\/td>\n<td>20,- \u20ac<\/td>\n<td><b><a href=\"http:\/\/bokelultra.de\" target=\"blank\" rel=\"noopener noreferrer\">15. Bokeler 6-Stunden-Lauf<\/a><\/b>&nbsp;<\/p>\n<p>Das Ellerdorfer Ultra-Wochenende wurde 9 Jahre von Familie Themm organisiert, dann h\u00f6rten sie aus zeitlichen Gr\u00fcnden auf &#8211;<br \/>\nals Alternative wird seit 2011 ein 6-Stunden-Lauf von der ALG in <b>Bokel<\/b> auf einem 2040m-Rundkurs durchgef\u00fchrt &#8211; die Resonanz der L\u00e4uferszene wird von Jahr zu Jahr besser, 2023 gab es einen Teilnehmerrekord &#8211; und die Vielfalt des Verpflegungs-Buffets ist mittlerweile legend\u00e4r und sorgt immer wieder f\u00fcr Begeisterung &#8211; der Lauf <b>2024<\/b> war schon fr\u00fch <b>ausgebucht<\/b>.<\/td>\n<\/tr>\n<tr class=\"\">\n<td>?.11.2025<\/td>\n<td>ab 11.00 Uhr<\/td>\n<td>6,00 \u20ac<\/td>\n<td><a href=\"https:\/\/ladv.de\/ausschreibung\/detail\/40711\/6.-KM-Cross-KLV-Stormarn-Bad-Oldesloe.htm\" target=\"_blank\" rel=\"noopener\"><b>7. Crosslauf Kreis Stormarn<\/b><\/a>&nbsp;<\/p>\n<p>Strecken zwischen 1014m und 4270m &#8211; Landesoffene Kreismeisterschaften des KLV <b>Stormarn<\/b> &#8211; Spiridon Oldesloe organisiert den Lauf und gelaufen wird im Kurpark.<\/td>\n<\/tr>\n<tr>\n<td>08.11.2026<\/td>\n<td>09.50 Uhr<\/td>\n<td>10,- \u20ac<\/td>\n<td><img loading=\"lazy\" decoding=\"async\" class=\"alignnone size-full wp-image-334\" src=\"\/alg\/wp-content\/uploads\/Massband.jpg\" alt=\"vermessene Strecke\" width=\"69\" height=\"30\"><a href=\"https:\/\/www.quickbo-run.de\/\" target=\"blank\" rel=\"noopener noreferrer\"><b>47. Quickbo-Run<\/b><\/a>&nbsp;<\/p>\n<p>die 25 km von <b>Quickborn<\/b> sind Geschichte, seit 2023 werden bei dem legend\u00e4ren Stra\u00dfenlauf n\u00f6rdlich von Hamburg nur noch 10 km und 5 km gelaufen &#8211; \u00fcberwiegend flach, schnell und auf asphaltierten Nebenstra\u00dfen &#8211; ein<br \/>\nimmer wieder gut besetzter Herbstlauf im S\u00fcden von SH.<\/td>\n<\/tr>\n<tr>\n<td>15.11.2026<\/td>\n<td>von 10.00 &#8211;<br \/>\n11.20 Uhr<\/td>\n<td>3,- \u20ac<\/td>\n<td><b><a href=\"https:\/\/www.borener-sv.de\/lila-eule-cross\" target=\"blank\" rel=\"noopener noreferrer\">38. Lila-Eule-Cross<\/a> in Kappeln<\/b>&nbsp;<\/p>\n<p>je nach AK mit den Streckenl\u00e4ngen 1400m, 2400m, 3400m, 5400m und 10800m &#8211; Veranstalter sind der Borener SV und der TSV Kappeln.<\/td>\n<\/tr>\n<tr>\n<td>1?.11.2026<\/td>\n<td>ab 10.30 Uhr<\/td>\n<td>6,-\/4,-\u20ac<\/td>\n<td><b><a href=\"https:\/\/www.lg-elmshorn.de\/wp-content\/uploads\/Ausschreibung_28ElmshornerCross2025.pdf\" target=\"blank\" rel=\"noopener noreferrer\">29. Elmshorner Cross<\/a> in Lieth<\/b>&nbsp;<\/p>\n<p>je nach AK mit den Streckenl\u00e4ngen 910m, 1900m, 3300m und 8850m &#8211;<br \/>\nVeranstalter ist nun schon seit einem Vierteljahrhundert die LG Elmshorn und gelaufen wird in Lieth im S\u00fcden von Elmshorn.<\/td>\n<\/tr>\n<tr>\n<td>??.11.2026<\/td>\n<td>von 9.40 &#8211; 11.30 Uhr<\/td>\n<td>4,- \u20ac<\/td>\n<td><b><a href=\"http:\/\/www.lav-husum.de\/index.php\/unsere-veranstaltungen\/crosslauf\/ausschreibung-crosslauf\" target=\"blank\" rel=\"noopener noreferrer\">28. Mauseberge-Crosslauf<\/a><\/b>&nbsp;<\/p>\n<p>der Crosslauf in der N\u00e4he von <b>Husum<\/b> &#8211; je nach AK Streckenl\u00e4ngen von 1060m bis 8510m &#8211; der LAV Husum geh\u00f6rt zu den aktivsten Vereinen im Lande bei der Veranstaltung von Laufwettbewerben<\/td>\n<\/tr>\n<tr>\n<td>29.11.2026<\/td>\n<td>alle L\u00e4ufe:<br \/>\n11.15 Uhr<\/td>\n<td>26 km: ab 20,- \u20ac<br \/>\n7,3 km: ab 15,- \u20ac<\/td>\n<td><a href=\"http:\/\/www.adventslauf.de\/\" target=\"blank\" rel=\"noopener noreferrer\"><b>36. Adventslauf Ratzeburg<\/b><\/a>&nbsp;<\/p>\n<p>7,3 km um den K\u00fcchensee und 26 km um den gro\u00dfen <b>Ratzeburger See<\/b> &#8211; die Strecke verl\u00e4uft \u00fcberwiegend auf Waldwegen &#8211; auf der ersten H\u00e4lfte einige Steigungen, auf der zweiten H\u00e4lfte auf schmalen Wegen am Seeufer entlang &#8211; der Lauf geh\u00f6rt mit zu den sch\u00f6nsten in Schleswig-Holstein.<\/td>\n<\/tr>\n<tr>\n<td>06.12.2026<\/td>\n<td>ab 10.00 Uhr<\/td>\n<td>Erw.: 6,- \u20ac<br \/>\n    Kin.: 4,- \u20ac<\/td>\n<td><a href=\"https:\/\/my.raceresult.com\/302908\/info\" target=\"blank\" rel=\"noopener noreferrer\"><b>7. NoSpa Fischteiche Cross<\/b><\/a> in Leck<\/p>\n<p>Strecken zwischen 800m und 9600m &#8211; gelaufen wird im Langenberger Forst in Leck &#8211; Veranstalter ist der SV Enge-Sande.<\/td>\n<\/tr>\n<tr>\n<td>06?.12.2025<\/td>\n<td>ab 11.00 Uhr<\/td>\n<td>3,50\u20ac?<\/td>\n<td><a href=\"https:\/\/kalender.shlv.de\/ausschreibungen\/20241207_SHLV_ass_LMCross_BadSchwartau.pdf\" target=\"blank\" rel=\"noopener noreferrer\"><b>Crosslauf<\/b><\/a> in Bad Schwartau<\/p>\n<p>Strecken zwischen 3350m und 8900m &#8211; gelaufen wird in Bad Schwartau am Sportplatz Riesebusch &#8211; alles Weitere steht in der Ausschreibung.<\/td>\n<\/tr>\n<tr>\n<td>06.12.2026<\/td>\n<td>4 km: 12.00 Uhr<br \/>\n7,8 km: 13.00 Uhr<\/td>\n<td>\u00fcber 18 J.:<br \/>\n10,- \u20ac<br \/>\nunter 18 J.:<br \/>\n5,- \u20ac<\/td>\n<td><a href=\"http:\/\/www.nikolauslauf-nms.net\/\" target=\"blank\" rel=\"noopener noreferrer\"><br \/>\n<b>11. Nikolauslauf NMS-Einfeld<\/b><\/a>&nbsp;<\/p>\n<p>4 km und 7,8 km &#8211; nach den zweij\u00e4hrigen Corona-Querelen fand der Lauf 2022 wieder unter normalen Bedingungen statt &#8211; rund um den malerischen <strong>Einfelder See<\/strong> &#8211; Veranstalter ist der Erste Kanu-Klub Neum\u00fcnster e.V. (EKN), der am Einfelder See sein Bootshaus hat &#8211; dort sind auch Start und Ziel.<\/td>\n<\/tr>\n<tr>\n<td>06.12.2026<\/td>\n<td>5,5 km: 11.10 Uhr<br \/>\n10,2 km: 11.00 Uhr<br \/>\n15,3 km: 10.45 Uhr<\/td>\n<td>12,- \u20ac<br \/>\n(bis 18 Jahre 7,- \u20ac)<br \/>\n14,- \u20ac<\/td>\n<td><a href=\"https:\/\/tsv-klausdorf.de\/nikolauslauf\" target=\"_blank\" rel=\"noopener noreferrer\"><b>41. Nikolauslauf Schwentinental<\/b><\/a>&nbsp;<\/p>\n<p>5,5 km, 10,2 km und 15,3 km &#8211; die krummen Streckenl\u00e4ngen st\u00f6ren nicht auf dieser herrlichen Runde durch das Schwentinetal &#8211; Bitte rechtzeitig melden, der Lauf ist fr\u00fch ausgebucht!<\/td>\n<\/tr>\n<tr>\n<td>13.12.2026<\/td>\n<td>09.30 \/ 10.30 \/<br \/>\n11.30 Uhr<\/td>\n<td>3,-\u20ac\/6,-\u20ac\/9,-\u20ac<\/td>\n<td><a href=\"https:\/\/flensburger-lauftreff.de\/adventlauf\/\" target=\"blank\" rel=\"noopener noreferrer\"> <b>39. Flensburger Adventslauf<\/b><\/a>&nbsp;<\/p>\n<p>3,3 km, 6,2 km und 10 km &#8211; Start ist im Stadion an der M\u00fcrwiker Stra\u00dfe &#8211;<br \/>\nvon dort aus werden je nach Strecke Runden durch die angrenzenden Wohngebiete und Kleing\u00e4rten gelaufen.<\/td>\n<\/tr>\n<tr>\n<td>27.12.2026<\/td>\n<td>11.15 Uhr<\/td>\n<td>7,-\/10,- \u20ac<\/td>\n<td><a href=\"http:\/\/silvesterlauf-oeversee.de\/\" target=\"_blank\" rel=\"noopener noreferrer\"><b>25. Oeverseer Silvesterlauf<\/b><\/a>&nbsp;<\/p>\n<p>2,2 km, 5,2 km und 11,3 km &#8211; auf Rad- und Wanderwegen entweder einmal<br \/>\n&#8222;rund um die Kl\u00e4ranlage&#8220; (Kurzstrecke) oder noch weiter bis Tarp durch die<br \/>\nwinterliche Umgebung der D\u00f6rfer bei <b>Flensburg<\/b>.<\/td>\n<\/tr>\n<tr>\n<td>31.12.2026<\/td>\n<td>10.00 Uhr<\/td>\n<td>0,00 \u20ac<\/td>\n<td><a href=\"http:\/\/www.flintbeker-lauftreff.de\/\" target=\"blank\" rel=\"noopener\"><b>37. Silvesterlauf Wrohe<\/b><\/a>&nbsp;<\/p>\n<p>umsonst und drau\u00dfen &#8211; zwei Runden auf wundersch\u00f6ner Strecke um den kleinen Schierensee (ca. 7,5 km) &#8211; Treffpunkt ist auf dem Parkplatz beim Fischmeister in Wrohe am Westensee &#8211; anschlie\u00dfend noch gem\u00fctliches Beisammensein.<\/td>\n<\/tr>\n<tr>\n<td>31.12.2025<\/td>\n<td>09.00 Uhr<\/td>\n<td>7,- \u20ac<\/td>\n<td><a href=\"https:\/\/www.svg-poenitz.de\/de\/volkslauf\/silvesterlauf-2024\/\" target=\"blank\" rel=\"noopener noreferrer\"><b>40. P\u00f6nitzer Silvesterlauf<\/b><\/a>&nbsp;<\/p>\n<p>7,5 km und 15 km &#8211; das kleine <b>Dorf bei Scharbeutz<\/b> ist ganz gro\u00df im Ausrichten von Laufveranstaltungen &#8211; sch\u00f6ne Gegend, sch\u00f6ne Strecken, niedrige Startgelder &#8211; und im Ziel gibt es Punsch und einen Berliner.<\/td>\n<\/tr>\n<tr>\n<td>31.12.2025<\/td>\n<td>14.00 Uhr<\/td>\n<td>0 \u20ac<\/td>\n<td><a href=\"http:\/\/www.tsv-bordesholm.de\/leichtathletik\/index.php\/termine\/2-silvesterlauf\" target=\"blank\" rel=\"noopener noreferrer\"><b>Bordesholmer Silvesterlauf<\/b> <\/a>&nbsp;<\/p>\n<p>5,2 km &#8211; einmal um den Bordesholmer See &#8211; egal, ob tief verschneit oder durch Nebel und Nieselregen &#8211; die Strecke ist einfach traumhaft sch\u00f6n &#8211; Treffpunkt ist bei den Bordesholmer Seeterrassen an der Eiderstedter Stra\u00dfe &#8211; hier gibt es nach dem Lauf Punsch und &#8222;Berliner&#8220; gegen 1,- \u20ac Spende f\u00fcr den Jugendtreff.<\/td>\n<\/tr>\n<tr>\n<td>31.12.2025<\/td>\n<td>14.00 Uhr<\/td>\n<td>0 \u20ac<\/td>\n<td><a href=\"https:\/\/mtsv-hwst.de\/\" target=\"blank\" rel=\"noopener noreferrer\"><b> Silvesterlauf Hohenwestedt<\/b><\/a>&nbsp;<\/p>\n<p>auch ein Lauf mit langer Tradition &#8211; ohne Zeitmessung, aber mit guter Stimmung &#8211; gerne auch mit Silvester-Kost\u00fcm &#8211; anschlie\u00dfend gem\u00fctliches Treffen am Sport- und Jugendheim in der Rektor-Wurr-Strasse 1-3, wo auch der Start ist.<\/td>\n<\/tr>\n<tr>\n<td>31.12.2025<\/td>\n<td>13.00 Uhr<\/td>\n<td>6,- \u20ac<\/td>\n<td><a target=\"blank\" rel=\"noopener noreferrer\"><b>25. M\u00f6llner Silvesterlauf<\/b><\/a>&nbsp;<\/p>\n<p>auch der M\u00f6llner SV hat seinen Silvesterlauf &#8211; allerdings d\u00fcrfte die Anreise zum Jahreswechsel f\u00fcr die meisten aus unserer Region doch ein bisschen zu weit sein.<\/td>\n<\/tr>\n<tr>\n<td>31.12.2025<\/td>\n<td>14.00 Uhr<\/td>\n<td>0,- \u20ac<\/td>\n<td><b><a href=\"http:\/\/tsv-schuelp.de\/\" target=\"_blank\" rel=\"noopener\">13. Sch\u00fclper Silvesterlauf<\/a><\/b>&nbsp;<\/p>\n<p>seit einiger Zeit wird auch in der Nortorfer Nachbargemeinde das alte Jahr &#8222;ausgelaufen&#8220; &#8211; 4 km, 6 km und 8 km als &#8222;Heimspiel&#8220; &#8211; die Strecken decken sich teilweise mit unseren Trainingsrunden &#8211; kein Startgeld, keine Zeitnahme, der Spa\u00df steht im Vordergrund &#8211; anschlie\u00dfend Kl\u00f6nschnack bei Gl\u00fchwein und Kinderpunsch vor der kleinen Mehrzweckhalle &#8211; um eine kleine Spende f\u00fcr die Vereinsarbeit wird gebeten.<\/td>\n<\/tr>\n<tr>\n<td>31.12.2025<\/td>\n<td>13.00 Uhr<\/td>\n<td>8,- \u20ac<\/td>\n<td><a href=\"http:\/\/www.ltvkiel-ost.de\/\" target=\"blank\" rel=\"noopener noreferrer\"><b>49. Silvesterlauf Kiel-Ellerbek<\/b><\/a>&nbsp;<\/p>\n<p>auf der 5,3 km langen Strecke ist eine Kost\u00fcmierung ausdr\u00fccklich erw\u00fcnscht, die besten Kost\u00fcme werden mit Pr\u00e4senten belohnt! Ausrichter ist der <b>LTV Kiel-Ost<\/b><\/td>\n<\/tr>\n<tr>\n<td>31.12.2024<\/td>\n<td>div. Zeiten<\/td>\n<td>? \u20ac<\/td>\n<td><b>diverse Silvesterl\u00e4ufe<\/b>&nbsp;<\/p>\n<p>dar\u00fcber hinaus gibt es in Schleswig-Holstein und angrenzenden Bundesl\u00e4ndern auch noch weitere regionale Silvesterl\u00e4ufe.<br \/>\nInformationen dar\u00fcber findet man in der Regel in den regionalen Medien oder auf den Webseiten der veranstaltenden Gemeinden oder Sportvereine.<\/td>\n<\/tr>\n<\/tbody>\n<\/table>\n","protected":false},"excerpt":{"rendered":"<p>Ferien 2025\/2026 in Schleswig-Holstein Weihnachten Ostern Sommer Herbst 19.12.-06.01. 26.03.-10.04. 04.07.-15.08. 12.10.-24.10. = vermessene Strecke Datum Startzeit Startgeld Veranstaltung 01.11.2026 ab 10.00 Uhr 4,-\/7,-\u20ac 45. Tiergarten-Cross Schleswig&nbsp; verschiedene Strecken &#8211; Das Startgeld ist ein Klacks, daf\u00fcr sind die Strecken ziemlich anspruchsvoll &#8211; von 1170m (Kinder) bis 8800m 14.11.2026 09.00 Uhr 20,- \u20ac 15. Bokeler 6-Stunden-Lauf&nbsp; &hellip; <a href=\"https:\/\/www.vflbokel.de\/alg\/termine\/nov-dez\/\" class=\"more-link\"><span class=\"screen-reader-text\">Lauftermine November \/ Dezember<\/span> weiterlesen <span class=\"meta-nav\">&rarr;<\/span><\/a><\/p>\n","protected":false},"author":3,"featured_media":0,"parent":8,"menu_order":0,"comment_status":"closed","ping_status":"closed","template":"","meta":{"footnotes":""},"class_list":["post-1218","page","type-page","status-publish","hentry"],"_links":{"self":[{"href":"https:\/\/www.vflbokel.de\/alg\/wp-json\/wp\/v2\/pages\/1218","targetHints":{"allow":["GET"]}}],"collection":[{"href":"https:\/\/www.vflbokel.de\/alg\/wp-json\/wp\/v2\/pages"}],"about":[{"href":"https:\/\/www.vflbokel.de\/alg\/wp-json\/wp\/v2\/types\/page"}],"author":[{"embeddable":true,"href":"https:\/\/www.vflbokel.de\/alg\/wp-json\/wp\/v2\/users\/3"}],"replies":[{"embeddable":true,"href":"https:\/\/www.vflbokel.de\/alg\/wp-json\/wp\/v2\/comments?post=1218"}],"version-history":[{"count":80,"href":"https:\/\/www.vflbokel.de\/alg\/wp-json\/wp\/v2\/pages\/1218\/revisions"}],"predecessor-version":[{"id":9329,"href":"https:\/\/www.vflbokel.de\/alg\/wp-json\/wp\/v2\/pages\/1218\/revisions\/9329"}],"up":[{"embeddable":true,"href":"https:\/\/www.vflbokel.de\/alg\/wp-json\/wp\/v2\/pages\/8"}],"wp:attachment":[{"href":"https:\/\/www.vflbokel.de\/alg\/wp-json\/wp\/v2\/media?parent=1218"}],"curies":[{"name":"wp","href":"https:\/\/api.w.org\/{rel}","templated":true}]}}